of 7927293?
9
What is the hundred thousands digit of 386934207?
9
What is the units digit of 2097097892?
2
What is the ten thousands digit of 132088158?
8
What is the tens digit of 6929424579?
7
What is the units digit of 3437580?
0
What is the ten thousands digit of 691196599?
9
What is the ten millions digit of 14159783?
1
What is the millions digit of 628588501?
8
What is the tens digit of 278394857?
5
What is the units digit of 591798925?
5
What is the thousands digit of 120042987?
2
What is the hundred thousands digit of 1283884719?
8
What is the hundreds digit of 485342542?
5
What is the hundreds digit of 1079592594?
5
What is the millions digit of 144556192?
4
What is the millions digit of 3132904?
3
What is the hundred thousands digit of 870756982?
7
What is the units digit of 48991010?
0
What is the units digit of 4547061638?
8
What is the thousands digit of 2657806965?
6
What is the ten millions digit of 450322536?
5
What is the units digit of 15306053?
3
What is the units digit of 140816804?
4
What is the hundreds digit of 34035654?
6
What is the tens digit of 64617509?
0
What is the hundred thousands digit of 17884236?
8
What is the ten millions digit of 1550575257?
5
What is the ten millions digit of 222643941?
2
What is the hundred millions digit of 131019203?
1
What is the hundred thousands digit of 4713693243?
6
What is the hundred millions digit of 140582840?
1
What is the hundreds digit of 4098041823?
8
What is the ten thousands digit of 528442864?
4
What is the hundreds digit of 19291685?
6
What is the hundreds digit of 18286843?
8
What is the hundred millions digit of 163992791?
1
What is the millions digit of 83490936?
3
What is the tens digit of 501007148?
4
What is the units digit of 537163046?
6
What is the tens digit of 58859641?
4
What is the thousands digit of 29179782?
9
What is the tens digit of 7297446?
4
What is the units digit of 5821533843?
3
What is the hundred thousands digit of 15152754?
1
What is the ten thousands digit of 53455485?
5
What is the units digit of 24163402?
2
What is the hundred thousands digit of 4476123545?
1
What is the ten thousands digit of 344977270?
7
What is the hundreds digit of 141932157?
1
What is the ten thousands digit of 363796942?
9
What is the millions digit of 45314307?
5
What is the ten millions digit of 44075841?
4
What is the hundreds digit of 39306560?
5
What is the ten thousands digit of 6119587341?
8
What is the ten millions digit of 252419667?
5
What is the ten thousands digit of 18367842?
6
What is the hundred thousands digit of 1762243438?
2
What is the hundreds digit of 136418656?
6
What is the thousands digit of 48629897?
9
What is the units digit of 114018898?
8
What is the ten millions digit of 30359004?
3
What is the ten millions digit of 118716891?
1
What is the tens digit of 49074068?
6
What is the hundred thousands digit of 896145167?
1
What is the hundred thousands digit of 81252897?
2
What is the millions digit of 320008507?
0
What is the units digit of 926549375?
5
What is the hundreds digit of 18643050?
0
What is the units digit of 16110201?
1
What is the millions digit of 88888127?
8
What is the ten millions digit of 122467470?
2
What is the millions digit of 377699143?
7
What is the thousands digit of 51612663?
2
What is the hundreds digit of 23242641?
6
What is the millions digit of 257213884?
7
What is the ten thousands digit of 97559838?
5
What is the ten thousands digit of 3836739393?
3
What is the hundred thousands digit of 1122187794?
1
What is the ten millions digit of 3454544941?
5
What is the units digit of 42974766?
6
What is the ten millions digit of 57746712?
5
What is the ten millions digit of 577606844?
7
What is the hundred thousands digit of 933760212?
7
What is the tens digit of 78187221?
2
What is the units digit of 22171994?
4
What is the hundred thousands digit of 916594269?
5
What is the thousands digit of 1022817677?
7
What is the units digit of 144358004?
4
What is the tens digit of 112842794?
9
What is the thousands digit of 3550183?
0
What is the tens digit of 1187090450?
5
What is the millions digit of 721103050?
1
What is the ten millions digit of 67225944?
6
What is the units digit of 657893?
3
What is the ten thousands digit of 545190282?
9
What is the tens digit of 2509403188?
8
What is the ten thousands digit of 1535766670?
6
What is the billions digit of 2417541698?
2
What is the hundreds digit of 45619510?
5
What is the thousands digit of 439799095?
9
What is the thousands digit of 4166716?
6
What is the units digit of 8833146?
6
What is the ten millions digit of 28821568?
2
What is the tens digit of 75480497?
9
What is the thousands digit of 344734815?
4
What is the units digit of 1441587955?
5
What is the tens digit of 303301804?
0
What is the hundred millions digit of 735083656?
7
What is the hundreds digit of 938002273?
2
What is the millions digit of 559773151?
9
What is the thousands digit of 10208328?
8
What is the hundreds digit of 1773360357?
3
What is the hundreds digit of 151477829?
8
What is the hundred millions digit of 926381838?
9
What is the thousands digit of 1237808158?
8
What is the hundred thousands digit of 38946765?
9
What is the units digit of 59717899?
9
What is the ten millions digit of 12043205?
1
What is the hundred thousands digit of 442905194?
9
What is the hundred thousands digit of 219300052?
3
What is the hundreds digit of 195479424?
4
What is the ten millions digit of 192185505?
9
What is the hundreds digit of 242677906?
9
What is the hundred millions digit of 257215603?
2
What is the ten millions digit of 1656172843?
5
What is the millions digit of 1114402523?
4
What is the ten millions digit of 560550080?
6
What is the hundreds digit of 2392979?
9
What is the millions digit of 13130474?
3
What is the hundreds digit of 6071483174?
1
What is the millions digit of 88936840?
8
What is the tens digit of 37703868?
6
What is the hundred millions digit of 1898486705?
8
What is the ten thousands digit of 34429535?
2
What is the ten thousands digit of 2156433523?
3
What is the ten millions digit of 35052053?
3
What is the hundred millions digit of 195668295?
1
What is the units digit of 146959329?
9
What is the thousands digit of 2326560339?
0
What is the hundred thousands digit of 919760183?
7
What is the ten thousands digit of 202797078?
9
What is the ten millions digit of 760145049?
6
What is the hundreds digit of 55825952?
9
What is the hundred millions digit of 1672532634?
6
What is the units digit of 346595921?
1
What is the ten thousands digit of 37408334?
0
What is the ten millions digit of 390016653?
9
What is the tens digit of 596608659?
5
What is the units digit of 352969573?
3
What is the millions digit of 83170951?
3
What is the hundred millions digit of 111457419?
1
What is the units digit of 363003315?
5
What is the hundreds digit of 365535911?
9
What is the ten thousands digit of 26970798?
7
What is the thousands digit of 1903464974?
4
What is the thousands digit of 6285919649?
9
What is the hundred thousands digit of 783701525?
7
What is the hundred millions digit of 2212358135?
2
What is the units digit of 13038862?
2
What is the units digit of 104050092?
2
What is the hundred millions digit of 7410931856?
4
What is the tens digit of 22780885?
8
What is the hundred millions digit of 662534847?
6
What is the ten thousands digit of 17183299?
8
What is the millions digit of 292788363?
2
What is the hundreds digit of 369404199?
1
What is the ten thousands digit of 49397546?
9
What is the units digit of 533754452?
2
What is the hundred millions digit of 2109338313?
1
What is the hundreds digit of 36598602?
6
What is the hundreds digit of 3985811073?
0
What is the ten millions digit of 1070020885?
7
What is the tens digit of 267585248?
4
What is the units digit of 107817097?
7
What is the millions digit of 1764022402?
4
What is the thousands digit of 105839730?
9
What is the thousands digit of 54154875?
4
What is the thousands digit of 7432560?
2
What is the tens digit of 189038340?
4
What is the units digit of 41487995?
5
What is the hundreds digit of 32982220?
2
What is the tens digit of 137824791?
9
What is the millions digit of 154648577?
4
What is the ten thousands digit of 1